2*u, -2*u + 66 = -2*j + 248. Suppose -5*r - w = -84, -5*w - j = -5*r - 0*w. What is the highest common divisor of r and 17?
17
Suppose 5*g + 257 = -q + 638, 4*g - 292 = -4*q. Suppose -n = -5*b + 76, g = 5*b + 4*n + 6. What is the greatest common divisor of b and 5?
5
Let x = 36 + 16. Let k be (4 + -5)/((-2)/12). Suppose 5*w = 3*r + 653, 515 = 4*w + k*r - r. Calculate the highest common factor of x and w.
26
Let y = -32 + 38. Let j = 0 + 2. Let u = 2 + j. What is the highest common divisor of y and u?
2
Suppose -21 = -2*g - 3*g + w, 0 = -5*g - 5*w + 15. Let k be 61 + (-4)/g + 3. What is the highest common factor of k and 7?
7
Let q = 0 - 1. Let t be (3 + q - -15)*1. Suppose 204 = -0*f + 4*f. Calculate the highest common factor of f and t.
17
Let n(p) = p**3 - 18*p**2 + 21*p + 12. Let d be n(17). Let l be ((-10)/8)/((-1)/8). Calculate the highest common factor of l and d.
10
Let w = 36 + 12. Let i = -8 + 15. Let o(z) = z**3 - 7*z**2 + 6. Let v be o(i). Calculate the greatest common divisor of w and v.
6
Let z be 0*((-3)/2 - -2). Suppose z = 4*g - 298 - 290. Suppose 2*f - g = -f. What is the highest common factor of f and 7?
7
Suppose -8 = -5*c + c, 2*k - 5*c - 58 = 0. Let g be -6*(12/(-3))/8. Suppose p = b - p - 45, -138 = -g*b + 5*p. Calculate the highest common factor of b and k.
17
Let v be 3 - (0 + 0 + 0). Suppose -v*a = -15 + 3. Suppose -a*x + 3*o = -90, -2*x + x - 5*o = -34. What is the greatest common divisor of 3 and x?
3
Let i be 12/(-8)*(-10)/(-3). Let j(b) = -b**2 - 5*b + 3. Let s be j(i). Let c be 3/((-63)/(-20) - s). Calculate the greatest common factor of c and 160.
20
Let x(r) = 19*r**2 - 1. Let g be x(-1). Let n be 4/g - 212/(-18). Let t = -2 + n. Calculate the greatest common factor of t and 2.
2
Let j(a) = -2*a - 2. Let f be j(-7). Let i(r) = -r + 4. Let h be 5*((-16)/10)/4. Let d be i(h). What is the greatest common factor of f and d?
6
Suppose 50 = -3*g - a, -2*a - 80 = 5*g + 5. Let s be 2*(-1 - g/6). Calculate the highest common factor of 6 and s.
3
Let z be ((-12)/48 + (-14)/40)*-5. Calculate the greatest common factor of 12 and z.
3
Suppose 3*r - 5*g = 20, 4*r - 3*r + 5*g = 20. Suppose m - 13 = -4*z, 6*z - 3*z = -3*m + 66. What is the greatest common factor of r and m?
5
Suppose 0 = -4*b - 0 + 4. Let x = b + 1. Suppose -25 - 35 = -2*q + 3*z, -x*z + 16 = q. What is the greatest common factor of 8 and q?
8
Let q(r) = r**2 - 10*r + 36. Let w be q(8). What is the highest common factor of 50 and w?
10
Suppose 2 = 5*w - 4*c - 1, 4*w = -4*c - 12. Let o be (1/1 - w)/2. Suppose 0 = -4*y + l + 36, 5*y - 3*l + 4 = 49. Calculate the highest common factor of y and o.
1
Suppose 0*g - g = -5*s - 967, 5*s = 3*g - 971. Let n = -91 - s. Calculate the highest common factor of 34 and n.
34
Let p be ((-8)/6)/(2/(-90)). Let s = 74 + -59. Calculate the highest common divisor of p and s.
15
Let n(m) be the second derivative of m**4/12 - m**3/3 + m**2/2 - m. Let x be n(2). Calculate the greatest common factor of 4 and x.
1
Let g = 10 - -8. Let f(j) = -2*j + 8. Let q be f(6). Let d be q/10 + (-141)/(-15). What is the highest common divisor of d and g?
9
Suppose -j = -5*j - 16. Let c be ((-10)/4)/(2/j). Suppose 5*f - f - 62 = -5*o, 0 = 3*o - c*f - 52. What is the highest common divisor of 7 and o?
7
Suppose 605 = 5*c + 5*s, 0*s = 5*c - 3*s - 597. Suppose -u + 5*v + 42 = u, 4*u + v - 106 = 0. Let a = u - 14. Calculate the highest common factor of a and c.
12
Let t(i) = i**3 - 3*i**2 - 3*i + 1. Let k be t(3). Let s = k + 13. Suppose 4 = s*j - 16. Calculate the greatest common divisor of j and 10.
2
Let z be 16/(-40) + (-122)/(-5). What is the greatest common divisor of z and 12?
12
Let k(y) = -y**3 - 21*y**2 - 20*y + 27. Let f be k(-20). Calculate the greatest common divisor of f and 3.
3
Let b = -105 - -274. What is the greatest common divisor of b and 13?
13
Let g = -42 - -47. Calculate the greatest common divisor of 5 and g.
5
Let w = 48 - 32. What is the highest common divisor of 112 and w?
16
Let q(f) = 7*f - 9. Let w be q(12). Calculate the highest common factor of 30 and w.
15
Suppose -6*z + 394 = -2*z + 2*h, 2*z - 5*h = 167. Let p be (-6)/((-9)/6 - -1). What is the highest common factor of p and z?
12
Let v = 14 + -12. Suppose -69 = v*r - 4*r + 5*s, r = -4*s + 54. What is the highest common divisor of r and 28?
14
Let h(v) = -11*v**2 + 2*v - 4. Let f(n) = 10*n**2 - 2*n + 3. Let w(g) = 5*f(g) + 4*h(g). Let u be w(-2). What is the greatest common divisor of 9 and u?
9
Suppose 0 = 7*d - 3*d - 44. Let i(f) = f**2 + f - 12. Let v be i(0). Let k(l) = -6*l + 5. Let o be k(v). Calculate the greatest common divisor of o and d.
11
Suppose 3*j - 2*w + 7*w - 23 = 0, -j + 21 = -w. Calculate the highest common factor of 24 and j.
8
Let f = 10 - -2. Suppose v = 2*v - 3*q - 20, -3*v + 2*q + 32 = 0. What is the highest common factor of v and f?
4
Let v = 17 - 8. Let n = 15 - v. Let x(s) = 2*s**2 + 4*s - 5. Let h be x(n). What is the highest common factor of h and 13?
13
Suppose -8*c = -5*l - 3*c + 40, 3*c = -12. Calculate the greatest common divisor of l and 10.
2
Let b be (-4 - -8)/((-1)/(-20)). Suppose -v + w = -154, -b = 2*v + 3*w - 388. What is the greatest common divisor of 14 and v?
14
Suppose 40 = 4*v + 5*m, -v = -5*v + m + 40. What is the greatest common factor of v and 80?
10
Let p(m) = 2*m + 8. Let y be p(-6). Let f = -1 + y. Let q(x) = x**2 + 5*x + 4. Let s be q(f). What is the greatest common factor of 16 and s?
4
Suppose -2*n = -0*n - 36. Calculate the highest common factor of 45 and n.
9
Let s = -21 - -30. What is the highest common factor of s and 45?
9
Suppose -3*m = -28 - 2. Calculate the highest common factor of m and 25.
5
Suppose 3 = -2*r + 4*c + 27, 3*c = -5*r + 73. Calculate the highest common divisor of r and 98.
14
Let m(k) = -19*k + 3. Let v(t) = -9*t + 2. Let b(f) = -3*m(f) + 5*v(f). Let r be 0/5 - (1 + -5). Let x be b(r). Calculate the highest common factor of 7 and x.
7
Suppose 0 = -2*y + y. Let p be -1 + 2 - (1 - y). Suppose -4*b + 172 + 296 = p. What is the greatest common divisor of b and 13?
13
Suppose 3*j = -2*j + 50. Suppose 10*z - 5*z = 400. What is the highest common divisor of j and z?
10
Suppose 0 = -0*q - 4*q - 168. Let i = q - -72. What is the highest common factor of i and 20?
10
Let h = 1344 - 842. Let t = 733 - h. Let u be (-2)/(-2*3/t). Calculate the highest common divisor of u and 11.
11
Let l be 2/(1 + (-1)/(-1)). Let w be 2 - (l + 0)/(-1). Calculate the highest common factor of 6 and w.
3
Let h = 110 + -91. What is the greatest common divisor of 19 and h?
19
Suppose -2*g - 3*g = -3*o + 38, -3*o = -g - 22. Let y(f) = 17*f - 9. Let m be y(3). What is the highest common factor of o and m?
6
Let h be (-1 - (-5)/(-15))*(-9)/(-2). Let f be ((-66)/4)/(-3)*-2. Let d = h - f. What is the greatest common divisor of 2 and d?
1
Suppose 2*y - 2*l + 19 - 125 = 0, -2*l + 6 = 0. Calculate the greatest common divisor of 84 and y.
28
Let m be 22 + -1 + 1/(-1). Let i be (m - 0)*(-12)/(-15). Let r = 1 - -3. What is the greatest common factor of r and i?
4
Suppose 386 = 3*r + 2*f, -3*r + 4*r - 2*f = 142. What is the greatest common divisor of 44 and r?
44
Suppose 0 = 5*u - 98 - 42. Suppose 3*s - 4*s = -70. What is the highest common factor of s and u?
14
Let m(p) = -3*p - 9. Let u be m(-4). Calculate the greatest common divisor of 1 and u.
1
Let d(l) be the first derivative of -l**4/4 - l**3 - 2*l**2 + 2. Let y be d(-3). Calculate the greatest common factor of 6 and y.
6
Let r = -69 + 117. Calculate the highest common divisor of 24 and r.
24
Let m(s) = -10*s. Let h be m(-1). What is the highest common divisor of h and 20?
10
Suppose -4*x = 9 - 49. Suppose 2*g - x = 6. Let y = 63 - g. What is the highest common factor of y and 5?
5
Suppose -2*j = j - 12, 4*r + 2*j = 848. What is the highest common divisor of r and 30?
30
Let k = -4 - -8. Suppose u = k*u - 3*q + 9, -u + 13 = -5*q. Let t = 25 - u. Calculate the highest common divisor of 8 and t.
8
Let v = 113 + -228. Let k = -55 - v. Suppose -l - 120 = -4*l. Calculate the highest common divisor of k and l.
20
Let w = -1 + 3. Suppose 6*s - w*s - 64 = 0. Calculate the greatest common divisor of 16 and s.
16
Let z be (-2047)/(-46) + 2/(1*-4). Calculate the greatest common factor of 11 